{"id":248,"date":"2024-05-17T23:38:18","date_gmt":"2024-05-17T23:38:18","guid":{"rendered":"https:\/\/festivalbaroko.cz\/2024\/?page_id=248"},"modified":"2025-04-23T11:57:44","modified_gmt":"2025-04-23T10:57:44","slug":"neznamy-leos-janacek-a-pocatky-baroka","status":"publish","type":"page","link":"https:\/\/festivalbaroko.cz\/2024\/sample-page\/neznamy-leos-janacek-a-pocatky-baroka\/","title":{"rendered":"Nezn\u00e1m\u00fd Leo\u0161 Jan\u00e1\u010dek a po\u010d\u00e1tky baroka"},"content":{"rendered":"\n<h3 class=\"wp-block-heading mezera_max\">pond\u011bl\u00ed 3. 6. v&nbsp;19:00 \/ Vlastiv\u011bdn\u00e9 muzeum v Olomouci<br><\/h3>\n\n\n\n<div class=\"wp-block-columns is-layout-flex wp-container-core-columns-is-layout-9d6595d7 wp-block-columns-is-layout-flex\">\n<div class=\"wp-block-column is-layout-flow wp-block-column-is-layout-flow\" style=\"flex-basis:66.66%\">\n<h2 class=\"wp-block-heading mezera\"><strong>Program:<\/strong><\/h2>\n\n\n\n<p><strong>Leo\u0161 Jan\u00e1\u010dek (1854\u20131928): Introitus In nomine Iesu<\/strong><\/p>\n\n\n\n<p><strong>Giovanni Gabrielli (1554<strong>\u2013<\/strong>1612): Canzon \u00e1 5&nbsp;<\/strong><\/p>\n\n\n\n<p><strong>Leo\u0161 Jan\u00e1\u010dek: Suscepimus Deus, Regnum mundi<\/strong><\/p>\n\n\n\n<p><strong>Alessandro&nbsp; Grandi (1586<strong>\u2013<\/strong>1630): Sonata SOPRA DEUS MISERATUR NOSTRI<\/strong><\/p>\n\n\n\n<p><strong>Gregorio Allegri (1582<strong>\u2013<\/strong>1652): Falsobordone \u2013 Miserere<\/strong><\/p>\n\n\n\n<p><strong>Giovanni Valentini (1582<strong>\u2013<\/strong>1649): Sonata \u00e1 5<\/strong><\/p>\n\n\n\n<p><strong>Leo\u0161 Jan\u00e1\u010dek: Exaudi Deus<\/strong><\/p>\n\n\n\n<p><strong>Leo\u0161 Jan\u00e1\u010dek: Fuga A dur<\/strong><\/p>\n\n\n\n<p><strong>Leo\u0161 Jan\u00e1\u010dek: Exurge Domine, Communio &#8211; Fidelis servus<\/strong><\/p>\n\n\n\n<p><strong>Marco Uccellini (1603<strong>\u2013<\/strong>1680): Sinfonia decima nona \u00e1 4<\/strong><\/p>\n\n\n\n<p><strong>Giovanni Battista Bovicelli (1550<strong>\u2013<\/strong>1594) \/ (Gabucci, Giovanelli): Falsobordone \u2013 Magnificat<\/strong><\/p>\n<\/div>\n\n\n\n<div class=\"wp-block-column is-layout-flow wp-block-column-is-layout-flow\" style=\"flex-basis:33.33%\">\n<figure class=\"wp-block-image size-large\"><img loading=\"lazy\" decoding=\"async\" width=\"681\" height=\"1024\" src=\"http:\/\/festivalbaroko.cz\/2024\/wp-content\/uploads\/2024\/05\/Janacek_with_wife-681x1024.jpg\" alt=\"\" class=\"wp-image-257\" srcset=\"https:\/\/festivalbaroko.cz\/2024\/wp-content\/uploads\/2024\/05\/Janacek_with_wife-681x1024.jpg 681w, https:\/\/festivalbaroko.cz\/2024\/wp-content\/uploads\/2024\/05\/Janacek_with_wife-200x300.jpg 200w, https:\/\/festivalbaroko.cz\/2024\/wp-content\/uploads\/2024\/05\/Janacek_with_wife-768x1155.jpg 768w, https:\/\/festivalbaroko.cz\/2024\/wp-content\/uploads\/2024\/05\/Janacek_with_wife.jpg 800w\" sizes=\"auto, (max-width: 681px) 100vw, 681px\" \/><figcaption class=\"wp-element-caption\">Leo\u0161 Jan\u00e1\u010dek se \u017eenou Zdenkou v roce 1881<\/figcaption><\/figure>\n<\/div>\n<\/div>\n\n\n\n<hr class=\"wp-block-separator has-alpha-channel-opacity\"\/>\n\n\n\n<h3 class=\"wp-block-heading mezera\">Musica Florea<\/h3>\n\n\n\n<p>housle \u2013 Magdalena Mal\u00e1, Simona Tydlit\u00e1tov\u00e1<\/p>\n\n\n\n<p>viola \u2013 L\u00fddie Cillerov\u00e1<\/p>\n\n\n\n<p>violoncello \u2013 Marek \u0160tryncl<\/p>\n\n\n\n<p>kontrabas \u2013 Ond\u0159ej \u0160tajnochr<\/p>\n\n\n\n<p>varhann\u00ed pozitiv \u2013 Filip Dvo\u0159\u00e1k<\/p>\n\n\n\n<p>theorba \u2013 P\u0159emysl Vacek<\/p>\n\n\n\n<p><\/p>\n\n\n\n<p>Sopr\u00e1n \u2013 Barbora Kab\u00e1tkov\u00e1, Stanislava Mihalcov\u00e1<\/p>\n\n\n\n<p>Alt \u2013 Daniela \u010cerm\u00e1kov\u00e1<\/p>\n\n\n\n<p>Tenor \u2013 Hasan El Dunia<\/p>\n\n\n\n<p>Bas \u2013 Jarom\u00edr Nosek<\/p>\n\n\n\n<p><strong>um. vedouc\u00ed \u2013 Marek \u0160tryncl<\/strong><\/p>\n\n\n\n<hr class=\"wp-block-separator has-alpha-channel-opacity is-style-wide\"\/>\n\n\n\n<h2 class=\"wp-block-heading\">Z\u00e1znam p\u0159edstaven\u00ed<\/h2>\n\n\n\n<figure class=\"wp-block-embed is-type-video is-provider-youtube wp-block-embed-youtube wp-embed-aspect-16-9 wp-has-aspect-ratio\"><div class=\"wp-block-embed__wrapper\">\n<iframe loading=\"lazy\" title=\"Nezn\u00e1m\u00fd Leo\u0161 Jan\u00e1\u010dek a po\u010d\u00e1tky baroka\" width=\"843\" height=\"474\" src=\"https:\/\/www.youtube.com\/embed\/OnC1ESef2AY?feature=oembed\" frameborder=\"0\" allow=\"accelerometer; autoplay; clipboard-write; encrypted-media; gyroscope; picture-in-picture; web-share\" referrerpolicy=\"strict-origin-when-cross-origin\" allowfullscreen><\/iframe>\n<\/div><\/figure>\n\n\n\n<hr class=\"wp-block-separator has-alpha-channel-opacity is-style-wide\"\/>\n\n\n\n<p>Je zn\u00e1mo, \u017ee se jeden\u00e1ctilet\u00e9mu Leo\u0161i Jan\u00e1\u010dkovi stal u\u010ditelem vynikaj\u00edc\u00ed sbormistr a skladatel Pavel K\u0159\u00ed\u017ekovsk\u00fd. A to ve fundaci augustini\u00e1nsk\u00e9ho kl\u00e1\u0161tera Kr\u00e1lov\u00e9 na Star\u00e9m Brn\u011b (1865\u20131869). Pro n\u00e1\u0161 koncert je zaj\u00edmav\u00e9, \u017ee se zde Jan\u00e1\u010dek u\u010dil gener\u00e1lbasu a kontrapunktu, kter\u00fd Jan\u00e1\u010dkovi zprost\u0159edkoval styk s barokn\u00ed a renesan\u010dn\u00ed kompozi\u010dn\u00ed technikou. Tu vt\u011blil zejm\u00e9na do mal\u00fdch liturgick\u00fdch sborov\u00fdch skladeb na latinsk\u00e9 texty. Tato d\u00edla respektovala palestrinovsk\u00fd styl, kter\u00fd byl prosazov\u00e1n a p\u011bstov\u00e1n v r\u00e1mci tzv. cecili\u00e1nsk\u00e9 reformy c\u00edrkevn\u00ed hudby. Je z\u0159ejm\u00e9, \u017ee liturgick\u00e9 skladby sotva dvacetilet\u00e9ho Leo\u0161e Jan\u00e1\u010dka vznikly jako samostatn\u00e9 skladby nad r\u00e1mec \u0161koln\u00edch povinnost\u00ed a osnov. \u010casto se op\u00edraj\u00ed o gregori\u00e1nsk\u00fd n\u00e1p\u011bv a v n\u011bkolika p\u0159\u00edpadech se k p\u011bveck\u00fdm hlas\u016fm p\u0159id\u00e1vaj\u00ed varhany, kter\u00e9 v\u0161ak maj\u00ed jen podp\u016frn\u00fd charakter. Proto jsme si dovolili doprovod obohatit smy\u010dcovou instrumentac\u00ed, ani\u017e bychom cokoli p\u0159idali nebo ubrali na kompozi\u010dn\u00edm z\u00e1m\u011bru autora. T\u00e9\u017e jsme tak u\u010dinili v jeho Fuze A dur pro klav\u00edr, kterou Jan\u00e1\u010dek napsal b\u011bhem sv\u00e9ho studia v Lipsku roku 1879\u20131880, a kter\u00e1 sv\u011bd\u010d\u00ed o pozoruhodn\u00e9 barokn\u00ed inspiraci autora.<\/p>\n\n\n\n<p>S trochou nads\u00e1zky m\u016f\u017eeme tvrdit, \u017ee hudebn\u00ed baroko bylo ve sv\u00e9 po\u010d\u00e1te\u010dn\u00ed f\u00e1zi (kolem roku 1600) italskou revoluc\u00ed. Revoluc\u00ed slova. Emocion\u00e1ln\u00ed n\u00e1boj slov si m\u011bl pod\u0159\u00eddit hudebn\u00ed slo\u017eku. Snaha o vyj\u00e1d\u0159en\u00ed extr\u00e9mn\u00edch emoc\u00ed vedla k objevov\u00e1n\u00ed nov\u00fdch v\u00fdrazov\u00fdch prost\u0159edk\u016f a hudebn\u00edch forem, co\u017e se neobe\u0161lo bez vzniku nov\u00fdch hudebn\u00edch n\u00e1stroj\u016f. T\u00e9m\u011b\u0159 v\u0161echny n\u00e1stroje dne\u0161n\u00edho symfonick\u00e9ho orchestru maj\u00ed sv\u016fj p\u016fvod v dob\u011b barokn\u00ed. \u010c\u00e1st koncertu v\u011bnujeme t\u011bm autor\u016fm, u kter\u00fdch se d\u00e1 p\u0159edpokl\u00e1dat, \u017ee se jejich skladby staly \u201eob\u011bt\u00ed\u201c zm\u00edn\u011bn\u00e9 revoluce. Z\u00e1m\u011brn\u011b jsme tak\u00e9 vybrali skladby star\u0161\u00ed p\u0159edbarokn\u00ed formy \u2013 falsobordony G. Allegriho a G. B. Bovicelliho. Zejm\u00e9na tyto skladby budeme interpretovat \u201ev nov\u00e9m stylu\u201c ran\u011b barokn\u00edch kompozi\u010dn\u00edch a v\u00fdrazov\u00fdch experiment\u016f, o kter\u00fdch v\u00edme, \u017ee byly hojn\u011b u\u017e\u00edv\u00e1ny. A to nejen v nov\u011b napsan\u00fdch skladb\u00e1ch, ale i ve star\u0161\u00edch duchovn\u00edch d\u00edlech, kter\u00e9 p\u016fvodn\u011b s t\u00edmto nov\u00fdm stylem nem\u011bly nic spole\u010dn\u00e9ho. N\u00e1padn\u00e1 jist\u011b bude improviza\u010dn\u00ed technika tzv. diminuc\u00ed. Jednodu\u0161e \u0159e\u010deno, jedn\u00e1 se o v\u011bt\u0161inou rychl\u00e9 ozdobn\u00e9 skupiny not (passaggi) men\u0161\u00edho i p\u0159ekvapiv\u011b v\u011bt\u0161\u00edho rozsahu, kter\u00e9 \u201ezahu\u0161\u0165ovaly\u201c a propojovaly r\u016fzn\u00e9 intervaly del\u0161\u00edch not. P\u0159ekvapuj\u00edc\u00ed budou pon\u011bkud archaicky zn\u011bj\u00edc\u00ed ornamenty a experimenty nep\u0159ipraven\u00fdch disonanc\u00ed a dr\u017een\u00fdch prodlev, kter\u00e9 jakoby nerespektovaly harmonick\u00e1 a kontrapunktick\u00e1 pravidla. Je z\u0159ejm\u00e9, \u017ee se i tehdy dosp\u00edvalo ke klastrov\u011b disonantn\u00edm souzvuk\u016fm, kter\u00e9 n\u00e1m budou n\u011bkdy p\u0159ipom\u00ednat kompozice 20. stolet\u00ed. Podkladem pro techniku diminuc\u00ed a specifick\u00fdch ozdob n\u00e1m budou Breve et facile maniera d\u2019essercitarsi (Rome 1593) G. L. Confortiho z roku 1593 a Regole Passaggi di musica (1594) odkud poch\u00e1z\u00ed Falsobordone Magnificat, kter\u00fd Bovicelli poskl\u00e1dal s autor\u016f Gabucciho a Giovanelliho a p\u0159idal k n\u011bmu p\u0159\u00edklad bohat\u011b ozdoben\u00e9ho prvn\u00edho hlasu.<\/p>\n\n\n\n<p><em>\u2013Marek \u0160tryncl<\/em><\/p>\n\n\n\n<hr class=\"wp-block-separator has-alpha-channel-opacity\"\/>\n\n\n\n<figure class=\"wp-block-gallery has-nested-images columns-5 is-cropped wp-block-gallery-1 is-layout-flex wp-block-gallery-is-layout-flex\">\n<figure class=\"wp-block-image size-large\"><img loading=\"lazy\" decoding=\"async\" width=\"1024\" height=\"683\" data-id=\"377\" src=\"http:\/\/festivalbaroko.cz\/2024\/wp-content\/uploads\/2024\/06\/IMG_0117-1024x683.jpg\" alt=\"\" class=\"wp-image-377\" srcset=\"https:\/\/festivalbaroko.cz\/2024\/wp-content\/uploads\/2024\/06\/IMG_0117-1024x683.jpg 1024w, https:\/\/festivalbaroko.cz\/2024\/wp-content\/uploads\/2024\/06\/IMG_0117-300x200.jpg 300w, https:\/\/festivalbaroko.cz\/2024\/wp-content\/uploads\/2024\/06\/IMG_0117-768x512.jpg 768w, https:\/\/festivalbaroko.cz\/2024\/wp-content\/uploads\/2024\/06\/IMG_0117-1536x1024.jpg 1536w, https:\/\/festivalbaroko.cz\/2024\/wp-content\/uploads\/2024\/06\/IMG_0117.jpg 1620w\" sizes=\"auto, (max-width: 1024px) 100vw, 1024px\" \/><\/figure>\n\n\n\n<figure class=\"wp-block-image size-large\"><img loading=\"lazy\" decoding=\"async\" width=\"1024\" height=\"683\" data-id=\"375\" src=\"http:\/\/festivalbaroko.cz\/2024\/wp-content\/uploads\/2024\/06\/IMG_0113-1024x683.jpg\" alt=\"\" class=\"wp-image-375\" srcset=\"https:\/\/festivalbaroko.cz\/2024\/wp-content\/uploads\/2024\/06\/IMG_0113-1024x683.jpg 1024w, https:\/\/festivalbaroko.cz\/2024\/wp-content\/uploads\/2024\/06\/IMG_0113-300x200.jpg 300w, https:\/\/festivalbaroko.cz\/2024\/wp-content\/uploads\/2024\/06\/IMG_0113-768x512.jpg 768w, https:\/\/festivalbaroko.cz\/2024\/wp-content\/uploads\/2024\/06\/IMG_0113-1536x1024.jpg 1536w, https:\/\/festivalbaroko.cz\/2024\/wp-content\/uploads\/2024\/06\/IMG_0113.jpg 1620w\" sizes=\"auto, (max-width: 1024px) 100vw, 1024px\" \/><\/figure>\n\n\n\n<figure class=\"wp-block-image size-large\"><img loading=\"lazy\" decoding=\"async\" width=\"1024\" height=\"683\" data-id=\"383\" src=\"http:\/\/festivalbaroko.cz\/2024\/wp-content\/uploads\/2024\/06\/IMG_0106-1024x683.jpg\" alt=\"\" class=\"wp-image-383\" srcset=\"https:\/\/festivalbaroko.cz\/2024\/wp-content\/uploads\/2024\/06\/IMG_0106-1024x683.jpg 1024w, https:\/\/festivalbaroko.cz\/2024\/wp-content\/uploads\/2024\/06\/IMG_0106-300x200.jpg 300w, https:\/\/festivalbaroko.cz\/2024\/wp-content\/uploads\/2024\/06\/IMG_0106-768x512.jpg 768w, https:\/\/festivalbaroko.cz\/2024\/wp-content\/uploads\/2024\/06\/IMG_0106-1536x1024.jpg 1536w, https:\/\/festivalbaroko.cz\/2024\/wp-content\/uploads\/2024\/06\/IMG_0106.jpg 1620w\" sizes=\"auto, (max-width: 1024px) 100vw, 1024px\" \/><\/figure>\n\n\n\n<figure class=\"wp-block-image size-large\"><img loading=\"lazy\" decoding=\"async\" width=\"1024\" height=\"683\" data-id=\"379\" src=\"http:\/\/festivalbaroko.cz\/2024\/wp-content\/uploads\/2024\/06\/IMG_0100-1024x683.jpg\" alt=\"\" class=\"wp-image-379\" srcset=\"https:\/\/festivalbaroko.cz\/2024\/wp-content\/uploads\/2024\/06\/IMG_0100-1024x683.jpg 1024w, https:\/\/festivalbaroko.cz\/2024\/wp-content\/uploads\/2024\/06\/IMG_0100-300x200.jpg 300w, https:\/\/festivalbaroko.cz\/2024\/wp-content\/uploads\/2024\/06\/IMG_0100-768x512.jpg 768w, https:\/\/festivalbaroko.cz\/2024\/wp-content\/uploads\/2024\/06\/IMG_0100-1536x1024.jpg 1536w, https:\/\/festivalbaroko.cz\/2024\/wp-content\/uploads\/2024\/06\/IMG_0100.jpg 1620w\" sizes=\"auto, (max-width: 1024px) 100vw, 1024px\" \/><\/figure>\n\n\n\n<figure class=\"wp-block-image size-large\"><img loading=\"lazy\" decoding=\"async\" width=\"1024\" height=\"683\" data-id=\"376\" src=\"http:\/\/festivalbaroko.cz\/2024\/wp-content\/uploads\/2024\/06\/IMG_0065-1024x683.jpg\" alt=\"\" class=\"wp-image-376\" srcset=\"https:\/\/festivalbaroko.cz\/2024\/wp-content\/uploads\/2024\/06\/IMG_0065-1024x683.jpg 1024w, https:\/\/festivalbaroko.cz\/2024\/wp-content\/uploads\/2024\/06\/IMG_0065-300x200.jpg 300w, https:\/\/festivalbaroko.cz\/2024\/wp-content\/uploads\/2024\/06\/IMG_0065-768x512.jpg 768w, https:\/\/festivalbaroko.cz\/2024\/wp-content\/uploads\/2024\/06\/IMG_0065-1536x1024.jpg 1536w, https:\/\/festivalbaroko.cz\/2024\/wp-content\/uploads\/2024\/06\/IMG_0065.jpg 1620w\" sizes=\"auto, (max-width: 1024px) 100vw, 1024px\" \/><\/figure>\n\n\n\n<figure class=\"wp-block-image size-large\"><img loading=\"lazy\" decoding=\"async\" width=\"1024\" height=\"683\" data-id=\"380\" src=\"http:\/\/festivalbaroko.cz\/2024\/wp-content\/uploads\/2024\/06\/IMG_0046-1024x683.jpg\" alt=\"\" class=\"wp-image-380\" srcset=\"https:\/\/festivalbaroko.cz\/2024\/wp-content\/uploads\/2024\/06\/IMG_0046-1024x683.jpg 1024w, https:\/\/festivalbaroko.cz\/2024\/wp-content\/uploads\/2024\/06\/IMG_0046-300x200.jpg 300w, https:\/\/festivalbaroko.cz\/2024\/wp-content\/uploads\/2024\/06\/IMG_0046-768x512.jpg 768w, https:\/\/festivalbaroko.cz\/2024\/wp-content\/uploads\/2024\/06\/IMG_0046-1536x1024.jpg 1536w, https:\/\/festivalbaroko.cz\/2024\/wp-content\/uploads\/2024\/06\/IMG_0046.jpg 1620w\" sizes=\"auto, (max-width: 1024px) 100vw, 1024px\" \/><\/figure>\n\n\n\n<figure class=\"wp-block-image size-large\"><img loading=\"lazy\" decoding=\"async\" width=\"1024\" height=\"683\" data-id=\"387\" src=\"http:\/\/festivalbaroko.cz\/2024\/wp-content\/uploads\/2024\/06\/IMG_0051-1024x683.jpg\" alt=\"\" class=\"wp-image-387\" srcset=\"https:\/\/festivalbaroko.cz\/2024\/wp-content\/uploads\/2024\/06\/IMG_0051-1024x683.jpg 1024w, https:\/\/festivalbaroko.cz\/2024\/wp-content\/uploads\/2024\/06\/IMG_0051-300x200.jpg 300w, https:\/\/festivalbaroko.cz\/2024\/wp-content\/uploads\/2024\/06\/IMG_0051-768x512.jpg 768w, https:\/\/festivalbaroko.cz\/2024\/wp-content\/uploads\/2024\/06\/IMG_0051-1536x1024.jpg 1536w, https:\/\/festivalbaroko.cz\/2024\/wp-content\/uploads\/2024\/06\/IMG_0051.jpg 1620w\" sizes=\"auto, (max-width: 1024px) 100vw, 1024px\" \/><\/figure>\n\n\n\n<figure class=\"wp-block-image size-large\"><img loading=\"lazy\" decoding=\"async\" width=\"1024\" height=\"683\" data-id=\"382\" src=\"http:\/\/festivalbaroko.cz\/2024\/wp-content\/uploads\/2024\/06\/IMG_0039-1024x683.jpg\" alt=\"\" class=\"wp-image-382\" srcset=\"https:\/\/festivalbaroko.cz\/2024\/wp-content\/uploads\/2024\/06\/IMG_0039-1024x683.jpg 1024w, https:\/\/festivalbaroko.cz\/2024\/wp-content\/uploads\/2024\/06\/IMG_0039-300x200.jpg 300w, https:\/\/festivalbaroko.cz\/2024\/wp-content\/uploads\/2024\/06\/IMG_0039-768x512.jpg 768w, https:\/\/festivalbaroko.cz\/2024\/wp-content\/uploads\/2024\/06\/IMG_0039-1536x1024.jpg 1536w, https:\/\/festivalbaroko.cz\/2024\/wp-content\/uploads\/2024\/06\/IMG_0039.jpg 1620w\" sizes=\"auto, (max-width: 1024px) 100vw, 1024px\" \/><\/figure>\n\n\n\n<figure class=\"wp-block-image size-large\"><img loading=\"lazy\" decoding=\"async\" width=\"1024\" height=\"683\" data-id=\"381\" src=\"http:\/\/festivalbaroko.cz\/2024\/wp-content\/uploads\/2024\/06\/IMG_0026-1024x683.jpg\" alt=\"\" class=\"wp-image-381\" srcset=\"https:\/\/festivalbaroko.cz\/2024\/wp-content\/uploads\/2024\/06\/IMG_0026-1024x683.jpg 1024w, https:\/\/festivalbaroko.cz\/2024\/wp-content\/uploads\/2024\/06\/IMG_0026-300x200.jpg 300w, https:\/\/festivalbaroko.cz\/2024\/wp-content\/uploads\/2024\/06\/IMG_0026-768x512.jpg 768w, https:\/\/festivalbaroko.cz\/2024\/wp-content\/uploads\/2024\/06\/IMG_0026-1536x1024.jpg 1536w, https:\/\/festivalbaroko.cz\/2024\/wp-content\/uploads\/2024\/06\/IMG_0026.jpg 1620w\" sizes=\"auto, (max-width: 1024px) 100vw, 1024px\" \/><\/figure>\n\n\n\n<figure class=\"wp-block-image size-large\"><img loading=\"lazy\" decoding=\"async\" width=\"1024\" height=\"683\" data-id=\"385\" src=\"http:\/\/festivalbaroko.cz\/2024\/wp-content\/uploads\/2024\/06\/IMG_0020-1024x683.jpg\" alt=\"\" class=\"wp-image-385\" srcset=\"https:\/\/festivalbaroko.cz\/2024\/wp-content\/uploads\/2024\/06\/IMG_0020-1024x683.jpg 1024w, https:\/\/festivalbaroko.cz\/2024\/wp-content\/uploads\/2024\/06\/IMG_0020-300x200.jpg 300w, https:\/\/festivalbaroko.cz\/2024\/wp-content\/uploads\/2024\/06\/IMG_0020-768x512.jpg 768w, https:\/\/festivalbaroko.cz\/2024\/wp-content\/uploads\/2024\/06\/IMG_0020-1536x1024.jpg 1536w, https:\/\/festivalbaroko.cz\/2024\/wp-content\/uploads\/2024\/06\/IMG_0020.jpg 1620w\" sizes=\"auto, (max-width: 1024px) 100vw, 1024px\" \/><\/figure>\n\n\n\n<figure class=\"wp-block-image size-large\"><img loading=\"lazy\" decoding=\"async\" width=\"1024\" height=\"683\" data-id=\"384\" src=\"http:\/\/festivalbaroko.cz\/2024\/wp-content\/uploads\/2024\/06\/IMG_0018-1024x683.jpg\" alt=\"\" class=\"wp-image-384\" srcset=\"https:\/\/festivalbaroko.cz\/2024\/wp-content\/uploads\/2024\/06\/IMG_0018-1024x683.jpg 1024w, https:\/\/festivalbaroko.cz\/2024\/wp-content\/uploads\/2024\/06\/IMG_0018-300x200.jpg 300w, https:\/\/festivalbaroko.cz\/2024\/wp-content\/uploads\/2024\/06\/IMG_0018-768x512.jpg 768w, https:\/\/festivalbaroko.cz\/2024\/wp-content\/uploads\/2024\/06\/IMG_0018-1536x1024.jpg 1536w, https:\/\/festivalbaroko.cz\/2024\/wp-content\/uploads\/2024\/06\/IMG_0018.jpg 1620w\" sizes=\"auto, (max-width: 1024px) 100vw, 1024px\" \/><\/figure>\n\n\n\n<figure class=\"wp-block-image size-large\"><img loading=\"lazy\" decoding=\"async\" width=\"1024\" height=\"683\" data-id=\"378\" src=\"http:\/\/festivalbaroko.cz\/2024\/wp-content\/uploads\/2024\/06\/IMG_0013-1024x683.jpg\" alt=\"\" class=\"wp-image-378\" srcset=\"https:\/\/festivalbaroko.cz\/2024\/wp-content\/uploads\/2024\/06\/IMG_0013-1024x683.jpg 1024w, https:\/\/festivalbaroko.cz\/2024\/wp-content\/uploads\/2024\/06\/IMG_0013-300x200.jpg 300w, https:\/\/festivalbaroko.cz\/2024\/wp-content\/uploads\/2024\/06\/IMG_0013-768x512.jpg 768w, https:\/\/festivalbaroko.cz\/2024\/wp-content\/uploads\/2024\/06\/IMG_0013-1536x1024.jpg 1536w, https:\/\/festivalbaroko.cz\/2024\/wp-content\/uploads\/2024\/06\/IMG_0013.jpg 1620w\" sizes=\"auto, (max-width: 1024px) 100vw, 1024px\" \/><\/figure>\n\n\n\n<figure class=\"wp-block-image size-large\"><img loading=\"lazy\" decoding=\"async\" width=\"1024\" height=\"683\" data-id=\"386\" src=\"http:\/\/festivalbaroko.cz\/2024\/wp-content\/uploads\/2024\/06\/IMG_0010-1024x683.jpg\" alt=\"\" class=\"wp-image-386\" srcset=\"https:\/\/festivalbaroko.cz\/2024\/wp-content\/uploads\/2024\/06\/IMG_0010-1024x683.jpg 1024w, https:\/\/festivalbaroko.cz\/2024\/wp-content\/uploads\/2024\/06\/IMG_0010-300x200.jpg 300w, https:\/\/festivalbaroko.cz\/2024\/wp-content\/uploads\/2024\/06\/IMG_0010-768x512.jpg 768w, https:\/\/festivalbaroko.cz\/2024\/wp-content\/uploads\/2024\/06\/IMG_0010-1536x1024.jpg 1536w, https:\/\/festivalbaroko.cz\/2024\/wp-content\/uploads\/2024\/06\/IMG_0010.jpg 1620w\" sizes=\"auto, (max-width: 1024px) 100vw, 1024px\" \/><\/figure>\n\n\n\n<figure class=\"wp-block-image size-large\"><img loading=\"lazy\" decoding=\"async\" width=\"1024\" height=\"683\" data-id=\"374\" src=\"http:\/\/festivalbaroko.cz\/2024\/wp-content\/uploads\/2024\/06\/IMG_0005-1024x683.jpg\" alt=\"\" class=\"wp-image-374\" srcset=\"https:\/\/festivalbaroko.cz\/2024\/wp-content\/uploads\/2024\/06\/IMG_0005-1024x683.jpg 1024w, https:\/\/festivalbaroko.cz\/2024\/wp-content\/uploads\/2024\/06\/IMG_0005-300x200.jpg 300w, https:\/\/festivalbaroko.cz\/2024\/wp-content\/uploads\/2024\/06\/IMG_0005-768x512.jpg 768w, https:\/\/festivalbaroko.cz\/2024\/wp-content\/uploads\/2024\/06\/IMG_0005-1536x1024.jpg 1536w, https:\/\/festivalbaroko.cz\/2024\/wp-content\/uploads\/2024\/06\/IMG_0005.jpg 1620w\" sizes=\"auto, (max-width: 1024px) 100vw, 1024px\" \/><\/figure>\n\n\n\n<figure class=\"wp-block-image size-large\"><img loading=\"lazy\" decoding=\"async\" width=\"1024\" height=\"683\" data-id=\"388\" src=\"http:\/\/festivalbaroko.cz\/2024\/wp-content\/uploads\/2024\/06\/IMG_0003-1024x683.jpg\" alt=\"\" class=\"wp-image-388\" srcset=\"https:\/\/festivalbaroko.cz\/2024\/wp-content\/uploads\/2024\/06\/IMG_0003-1024x683.jpg 1024w, https:\/\/festivalbaroko.cz\/2024\/wp-content\/uploads\/2024\/06\/IMG_0003-300x200.jpg 300w, https:\/\/festivalbaroko.cz\/2024\/wp-content\/uploads\/2024\/06\/IMG_0003-768x512.jpg 768w, https:\/\/festivalbaroko.cz\/2024\/wp-content\/uploads\/2024\/06\/IMG_0003-1536x1024.jpg 1536w, https:\/\/festivalbaroko.cz\/2024\/wp-content\/uploads\/2024\/06\/IMG_0003.jpg 1620w\" sizes=\"auto, (max-width: 1024px) 100vw, 1024px\" \/><\/figure>\n<\/figure>\n\n\n\n<p>fotografie: Michal M\u00e1lek<\/p>\n\n\n\n<hr class=\"wp-block-separator has-alpha-channel-opacity is-style-wide\"\/>\n\n\n\n<h2 class=\"wp-block-heading\">Napsali o p\u0159edstaven\u00ed<\/h2>\n\n\n\n<p><a href=\"https:\/\/operaplus.cz\/festival-baroko-2024-musica-florea-janacek-neznamy-a-putovani-pocatky-baroka\/\">Recenzi p\u0159edstaven\u00ed na port\u00e1lu Opera Plus si m\u016f\u017eete p\u0159e\u010d\u00edst zde.<\/a><\/p>\n","protected":false},"excerpt":{"rendered":"<p>pond\u011bl\u00ed 3. 6. v&nbsp;19:00 \/ Vlastiv\u011bdn\u00e9 muzeum v Olomouci Program: Leo\u0161 Jan\u00e1\u010dek (1854\u20131928): Introitus In nomine Iesu Giovanni Gabrielli (1554\u20131612): Canzon \u00e1 5&nbsp; Leo\u0161 Jan\u00e1\u010dek:&hellip;<\/p>\n","protected":false},"author":1,"featured_media":0,"parent":2,"menu_order":0,"comment_status":"closed","ping_status":"closed","template":"","meta":{"footnotes":""},"class_list":["post-248","page","type-page","status-publish","hentry"],"_links":{"self":[{"href":"https:\/\/festivalbaroko.cz\/2024\/wp-json\/wp\/v2\/pages\/248","targetHints":{"allow":["GET"]}}],"collection":[{"href":"https:\/\/festivalbaroko.cz\/2024\/wp-json\/wp\/v2\/pages"}],"about":[{"href":"https:\/\/festivalbaroko.cz\/2024\/wp-json\/wp\/v2\/types\/page"}],"author":[{"embeddable":true,"href":"https:\/\/festivalbaroko.cz\/2024\/wp-json\/wp\/v2\/users\/1"}],"replies":[{"embeddable":true,"href":"https:\/\/festivalbaroko.cz\/2024\/wp-json\/wp\/v2\/comments?post=248"}],"version-history":[{"count":20,"href":"https:\/\/festivalbaroko.cz\/2024\/wp-json\/wp\/v2\/pages\/248\/revisions"}],"predecessor-version":[{"id":643,"href":"https:\/\/festivalbaroko.cz\/2024\/wp-json\/wp\/v2\/pages\/248\/revisions\/643"}],"up":[{"embeddable":true,"href":"https:\/\/festivalbaroko.cz\/2024\/wp-json\/wp\/v2\/pages\/2"}],"wp:attachment":[{"href":"https:\/\/festivalbaroko.cz\/2024\/wp-json\/wp\/v2\/media?parent=248"}],"curies":[{"name":"wp","href":"https:\/\/api.w.org\/{rel}","templated":true}]}}