{"id":55,"date":"2024-03-03T23:26:21","date_gmt":"2024-03-03T23:26:21","guid":{"rendered":"https:\/\/festivalbaroko.cz\/2025\/?page_id=55"},"modified":"2026-02-13T20:30:10","modified_gmt":"2026-02-13T19:30:10","slug":"historie-festivalu","status":"publish","type":"page","link":"https:\/\/festivalbaroko.cz\/2025\/historie-festivalu\/","title":{"rendered":"Historie festivalu"},"content":{"rendered":"\n<p><a href=\"https:\/\/festivalbaroko.cz\/2024\/\">Webov\u00e9 str\u00e1nky BAROKO 2024<\/a><\/p>\n\n\n\n<p><a href=\"https:\/\/festivalbaroko.cz\/baroko2023\/index.html\">Webov\u00e9 str\u00e1nky BAROKO 2023<\/a><\/p>\n\n\n\n<p><a href=\"https:\/\/festivalbaroko.cz\/baroko2022\/index.html\">Webov\u00e9 str\u00e1nky BAROKO 2022<\/a><\/p>\n\n\n\n<p><a href=\"https:\/\/ensembledamian.cz\/baroko\/cs\/baroko-olomouc-2021\/\">Webov\u00e9 str\u00e1nky BAROKO 2021<\/a><\/p>\n\n\n\n<p><a href=\"https:\/\/ensembledamian.cz\/festivaly\/festival-baroko\/\">Plak\u00e1ty s programy star\u0161\u00edch ro\u010dn\u00edk\u016f na webu Ensemble Damian<\/a><\/p>\n\n\n\n<p><\/p>\n","protected":false},"excerpt":{"rendered":"<p>Webov\u00e9 str\u00e1nky BAROKO 2024 Webov\u00e9 str\u00e1nky BAROKO 2023 Webov\u00e9 str\u00e1nky BAROKO 2022 Webov\u00e9 str\u00e1nky BAROKO 2021 Plak\u00e1ty s programy star\u0161\u00edch ro\u010dn\u00edk\u016f na webu Ensemble Damian<\/p>\n","protected":false},"author":1,"featured_media":0,"parent":0,"menu_order":0,"comment_status":"closed","ping_status":"closed","template":"","meta":{"footnotes":""},"class_list":["post-55","page","type-page","status-publish","hentry"],"_links":{"self":[{"href":"https:\/\/festivalbaroko.cz\/2025\/wp-json\/wp\/v2\/pages\/55","targetHints":{"allow":["GET"]}}],"collection":[{"href":"https:\/\/festivalbaroko.cz\/2025\/wp-json\/wp\/v2\/pages"}],"about":[{"href":"https:\/\/festivalbaroko.cz\/2025\/wp-json\/wp\/v2\/types\/page"}],"author":[{"embeddable":true,"href":"https:\/\/festivalbaroko.cz\/2025\/wp-json\/wp\/v2\/users\/1"}],"replies":[{"embeddable":true,"href":"https:\/\/festivalbaroko.cz\/2025\/wp-json\/wp\/v2\/comments?post=55"}],"version-history":[{"count":4,"href":"https:\/\/festivalbaroko.cz\/2025\/wp-json\/wp\/v2\/pages\/55\/revisions"}],"predecessor-version":[{"id":1182,"href":"https:\/\/festivalbaroko.cz\/2025\/wp-json\/wp\/v2\/pages\/55\/revisions\/1182"}],"wp:attachment":[{"href":"https:\/\/festivalbaroko.cz\/2025\/wp-json\/wp\/v2\/media?parent=55"}],"curies":[{"name":"wp","href":"https:\/\/api.w.org\/{rel}","templated":true}]}}