{"id":654,"date":"2025-03-14T21:57:22","date_gmt":"2025-03-14T21:57:22","guid":{"rendered":"https:\/\/festivalbaroko.cz\/2025\/?page_id=654"},"modified":"2025-08-19T10:51:46","modified_gmt":"2025-08-19T09:51:46","slug":"baroko2025-program","status":"publish","type":"page","link":"https:\/\/festivalbaroko.cz\/2025\/","title":{"rendered":"Baroko 2025"},"content":{"rendered":"\n<h2 class=\"wp-block-heading uvod\">28. ro\u010dn\u00edk festivalu star\u0161\u00ed hudby<\/h2>\n\n\n\n<h2 class=\"wp-block-heading uvod\">1.\u201312. \u010dervna 2025<\/h2>\n\n\n\n<h3 class=\"wp-block-heading uvod\">Vlastiv\u011bdn\u00e9 muzeum v Olomouci, n\u00e1m. Republiky 5, Olomouc<\/h3>\n\n\n\n<hr class=\"wp-block-separator has-alpha-channel-opacity is-style-wide\"\/>\n\n\n\n<h2 class=\"wp-block-heading\">Hlavn\u00ed program<\/h2>\n\n\n\n<p>Za\u010d\u00e1tky p\u0159edstaven\u00ed v\u017edy od 19 hodin.<\/p>\n\n\n\n<h4 class=\"wp-block-heading program\">ned\u011ble 1. 6. 2025 \/ 19:00 \/ Vlastiv\u011bdn\u00e9 muzeum v Olomouci, s\u00e1l V\u00e1clava III.<\/h4>\n\n\n\n<h3 class=\"wp-block-heading program\"><a href=\"https:\/\/festivalbaroko.cz\/2025\/ad-solemnitatem\/\" data-type=\"page\" data-id=\"842\">Ad solemnitatem<\/a><\/h3>\n\n\n\n<p class=\"program\"><em>Novodob\u00e9 sv\u011btov\u00e9 premi\u00e9ry duchovn\u00ed hudby \u010desk\u00fdch skladatel\u016f s barokn\u00edmi trubkami.<\/em><\/p>\n\n\n\n<p class=\"program\">\u00da\u010dinkuj\u00ed <strong>Czech Ensemble Baroque Orchestra<\/strong> a <strong>Silentium! Ensemble<\/strong>, dir. Roman V\u00e1lek<\/p>\n\n\n\n<p class=\"program\"><a href=\"https:\/\/otrs.festivalbaroko.cz?a=134\">Vstupenky &gt;&gt;<\/a><\/p>\n\n\n\n<p class=\"accordion_header program\">Podrobnosti<\/p>\n\n\n\n<p class=\"accordion_content program\"><strong>Program:<br><br><\/strong>Anonym: Intrada<br>Tom\u00e1\u0161 Norbert Koutn\u00edk (1698\u20131773): Te Deum ex D<br>V\u00e1clav Kalous (1715\u20131784): Offertorium ex C \u201eDomus mea\u201c<br>Anton Laube (1718\u20131784): Missa in D<br>Daniel Alois Franti\u0161ek Mil\u010dinsk\u00fd (1732\u20131808): Litaniae lauretanae ex D<br>Martin Leonard Broul\u00edk (1751\u20131817): Salve Regina ex D<br><br><strong>\u00da\u010dinkuj\u00ed:<br><em>Czech Ensemble Baroque Orchestra:<br><\/em><\/strong>1. housle &#8211; koncertn\u00ed mistr: Michal Klas<br>2. housle: Eva Kalov\u00e1<br>viola: Veronika Sva\u010dinov\u00e1<br>kontrabas: Maty\u00e1\u0161 Berdych<br>klarina: Karel Ber\u00e1nek, Petr Jur\u00e1\u0161ek<br>varhann\u00ed pozitiv: V\u00edt B\u00e9bar<br>tymp\u00e1ny: Ale\u0161 Slam\u011bn\u00edk<br><br><strong><em>Silentium! Ensemble:<br><\/em><\/strong>sopr\u00e1n: Zuzana Bad\u00e1rov\u00e1, Tereza V\u00e1lkov\u00e1 \u2013 sbormistr<br>alt: Lucie Ko\u0159\u00ednkov\u00e1, Martin Pt\u00e1\u010dek<br>tenor: Vladim\u00edr John, Franti\u0161ek Sli\u017e<br>bas: D\u00e1vid Harant, Jak Kukal<br>Diriguje Roman V\u00e1lek.<\/p>\n\n\n\n<h4 class=\"wp-block-heading program\">pond\u011bl\u00ed 2. 6. 2025 \/ 19:00 \/ Vlastiv\u011bdn\u00e9 muzeum v Olomouci, s\u00e1l V\u00e1clava III.<\/h4>\n\n\n\n<h3 class=\"wp-block-heading program\"><a href=\"https:\/\/festivalbaroko.cz\/2025\/tomas-norbert-koutnik-1698-1773-ave-mundi\/\" data-type=\"page\" data-id=\"867\">Tom\u00e1\u0161 Norbert Koutn\u00edk (1698\u20131773): Ave mundi<\/a><\/h3>\n\n\n\n<p class=\"program\"><em>Novodob\u00e9 sv\u011btov\u00e9 premi\u00e9ry duchovn\u00edch skladeb choce\u0148sk\u00e9ho kantora: Vesperae de nativitate Domini, Pange lingua gloriosi, Litaniae Lauretanae, Ave mundi sper Maria, Regina coeli<\/em><\/p>\n\n\n\n<p class=\"program\">\u00da\u010dinkuje <strong>Ensemble Damian<\/strong><\/p>\n\n\n\n<p class=\"program\"><a href=\"https:\/\/otrs.festivalbaroko.cz?a=135\">Vstupenky &gt;&gt;<\/a><\/p>\n\n\n\n<p class=\"accordion_header program\">Podrobnosti<\/p>\n\n\n\n<p class=\"accordion_content program\">Mark\u00e9ta Israel Ve\u010de\u0159ov\u00e1 \u2013 sopr\u00e1n<br>Dorota Grossov\u00e1 \u2013 alt<br>Ond\u0159ej Benek \u2013 tenor<br>Michal Marhold \u2013 bas<br>Daniel Podrou\u017eek, Martin Dost\u00e1l \u2013 housle<br>Mariana T\u016fmov\u00e1 \u2013 violoncello<br>Jakub Sobotka \u2013 kontrabas<br>Milan Duspiva \u2013 theorba<br>Martin Smutn\u00fd \u2013 pozitiv<br>Tom\u00e1\u0161 Hanzl\u00edk \u2013 spartace a um\u011bleck\u00e9 veden\u00ed<\/p>\n\n\n\n<h4 class=\"wp-block-heading program\">st\u0159eda 4. 6. 2025 \/ 19:00 \/ Vlastiv\u011bdn\u00e9 muzeum v Olomouci, s\u00e1l V\u00e1clava III.<\/h4>\n\n\n\n<h3 class=\"wp-block-heading program\"><a href=\"https:\/\/festivalbaroko.cz\/2025\/josef-kohout-1734-1777-klavirni-tria\/\" data-type=\"page\" data-id=\"881\">Josef Kohout (1734\u20131777): Klav\u00edrn\u00ed tria<\/a><\/h3>\n\n\n\n<p class=\"program\"><em>Novodob\u00e9 sv\u011btov\u00e9 premi\u00e9ry komorn\u00edch skladeb \u010desk\u00e9ho autora p\u016fsob\u00edc\u00edho ve Francii.<\/em><\/p>\n\n\n\n<p class=\"program\">\u00da\u010dinkuje<strong> Trio Unitas<\/strong> (Magdalena Mal\u00e1 \u2013 klasicistn\u00ed housle, Helena Maty\u00e1\u0161ov\u00e1 \u2013 violoncello, Petra Mat\u011bjov\u00e1 \u2013 klad\u00edvkov\u00fd klav\u00edr).<\/p>\n\n\n\n<p class=\"program\"><a href=\"https:\/\/otrs.festivalbaroko.cz?a=136\">Vstupenky &gt;&gt;<\/a><\/p>\n\n\n\n<h4 class=\"wp-block-heading program\">\u010dtvrtek 5. 6. 2025 \/ 19:00 \/ Vlastiv\u011bdn\u00e9 muzeum v Olomouci, s\u00e1l V\u00e1clava III.<\/h4>\n\n\n\n<h3 class=\"wp-block-heading program\"><a href=\"https:\/\/festivalbaroko.cz\/2025\/mauritius-vogt-1669-1730-vertumnus-vanitatis-musice-in-31-fugis-delusus\/\" data-type=\"page\" data-id=\"953\">Mauritius Vogt (1669\u20131730): Vertumnus vanitatis musica in 31 fugis delusus<\/a><\/h3>\n\n\n\n<p class=\"program\"><em>Novodob\u00e1 sv\u011btov\u00e1 premi\u00e9ra souborn\u00e9ho proveden\u00ed unik\u00e1tn\u00edho cyklu \u00e1ri\u00ed na latinsk\u00e9 texty o marnosti tohoto sv\u011bta.<\/em><\/p>\n\n\n\n<p class=\"program\">\u00da\u010dinkuj\u00ed: <strong>Vojt\u011bch Pelka<\/strong> \u2013 sopr\u00e1n, <strong>Dorota Grossov\u00e1<\/strong> \u2013 alt, <strong>Arnau Pet\u0159ivalsk\u00fd<\/strong> \u2013 tenor, <strong>Jan Vacul\u00edk<\/strong> \u2013 bas, <strong>Ji\u0159ina Mare\u0161ov\u00e1<\/strong>, <strong>Martin Smutn\u00fd<\/strong> \u2013 pozitiv a cembalo<\/p>\n\n\n\n<p class=\"program\"><a href=\"https:\/\/otrs.festivalbaroko.cz?a=137\">Vstupenky &gt;&gt;<\/a><\/p>\n\n\n\n<h4 class=\"wp-block-heading program\">\u00fater\u00fd 10. 6. 2025 \/ 19:00 \/ Vlastiv\u011bdn\u00e9 muzeum v Olomouci, s\u00e1l V\u00e1clava III.<\/h4>\n\n\n\n<h3 class=\"wp-block-heading program\"><a href=\"https:\/\/festivalbaroko.cz\/2025\/tomas-hanzlik-1972-rimska-lukrecie\/\" data-type=\"page\" data-id=\"892\">Tom\u00e1\u0161 Hanzl\u00edk (*1972): \u0158\u00edmsk\u00e1 Lukr\u00e9cie<\/a><\/h3>\n\n\n\n<p class=\"program\"><em>Premi\u00e9ra nov\u00e9 verze neobarokn\u00ed opery na parodick\u00fd Rademin\u016fv text v \u010desk\u00e9m p\u0159ekladu Kate\u0159iny Bohadlov\u00e9.<\/em><\/p>\n\n\n\n<p class=\"program\">\u00da\u010dinkuje <strong>Ensemble Damian<\/strong><\/p>\n\n\n\n<p class=\"program\"><a href=\"https:\/\/otrs.festivalbaroko.cz?a=139\">Vstupenky &gt;&gt;<\/a><\/p>\n\n\n\n<p class=\"accordion_header program\">Podrobnosti<\/p>\n\n\n\n<p class=\"accordion_content program\">Kamila \u0160krachov\u00e1, Hana Holod\u0148\u00e1kov\u00e1, Jan Miku\u0161ek, Bed\u0159ich L\u00e9vi, Martin Pt\u00e1\u010dek, Ji\u0159\u00ed Pol\u00e1\u010dek \u2013 s\u00f3la<br>Martin Dost\u00e1l, Daniel Podrou\u017eek \u2013 housle<br>Mariana T\u016fmov\u00e1 \u2013 violoncello<br>Martin Smutn\u00fd \u2013 cembalo<br>Ji\u0159ina Mare\u0161ov\u00e1 \u2013 hudebn\u00ed nastudov\u00e1n\u00ed<br>Re\u017eie: Martin Dost\u00e1l<\/p>\n\n\n\n<h4 class=\"wp-block-heading program\">\u010dtvrtek 12. 6. 2025 \/ 19:00 \/ Vlastiv\u011bdn\u00e9 muzeum v Olomouci, s\u00e1l V\u00e1clava III.<\/h4>\n\n\n\n<h3 class=\"wp-block-heading program\"><a href=\"https:\/\/festivalbaroko.cz\/2025\/vaclav-tomas-matejka-1773-1830\/\" data-type=\"page\" data-id=\"782\">V\u00e1clav Tom\u00e1\u0161 Mat\u011bjka (1773\u20131830): Notturno op. 21, Serenade op. 26<\/a><\/h3>\n\n\n\n<p class=\"program\">\u00da\u010dinkuj\u00ed: <strong>Karel Valter<\/strong> \u2013 p\u0159\u00ed\u010dn\u00e1 fl\u00e9tna, <strong>Peter Biely <\/strong>\u2013 viola, <strong>Jan Tul\u00e1\u010dek<\/strong> \u2013 romantick\u00e1 kytara.<\/p>\n\n\n\n<p class=\"program\"><a href=\"https:\/\/otrs.festivalbaroko.cz?a=141\">Vstupenky &gt;&gt;<\/a><\/p>\n\n\n\n<hr class=\"wp-block-separator has-alpha-channel-opacity\"\/>\n\n\n\n<h2 class=\"wp-block-heading\">Doprovodn\u00fd program<\/h2>\n\n\n\n<h3 class=\"wp-block-heading\"><strong>P\u0159edn\u00e1\u0161ky<\/strong><\/h3>\n\n\n\n<p>P\u0159edn\u00e1\u0161ky se budou konat v p\u0159edn\u00e1\u0161kov\u00e9m s\u00e1le Vlastiv\u011bdn\u00e9ho muzea v Olomouci v\u017edy od 17 hodin.<\/p>\n\n\n\n<h4 class=\"wp-block-heading program\">st\u0159eda 28. 5. 2025 \/ 17:00 \/ Vlastiv\u011bdn\u00e9 muzeum v Olomouci, p\u0159edn\u00e1\u0161kov\u00fd s\u00e1l<\/h4>\n\n\n\n<h3 class=\"wp-block-heading program\">Barokn\u00ed oh\u0148ostroje ve slu\u017eb\u00e1ch moravsk\u00fdch zemsk\u00fdch hejtman\u016f<\/h3>\n\n\n\n<p class=\"program\"><em>P\u0159edn\u00e1\u0161\u00ed Mgr. Michal Nguyen z katedry historie filozofick\u00e9 fakulty Univerzity Palack\u00e9ho v Olomouci.<\/em><\/p>\n\n\n\n<p class=\"program\"><a href=\"https:\/\/otrs.festivalbaroko.cz?a=143\">Vstupenky &gt;&gt;<\/a><\/p>\n\n\n\n<h4 class=\"wp-block-heading program\"><s>st\u0159eda 4. 6. 2025 \/ 17:00 \/ Vlastiv\u011bdn\u00e9 muzeum v Olomouci, p\u0159edn\u00e1\u0161kov\u00fd s\u00e1l<\/s><\/h4>\n\n\n\n<h3 class=\"wp-block-heading program\"><s>Joseph Kohaut: loutnista cestuj\u00edc\u00ed osv\u00edcenskou Evropou<\/s><\/h3>\n\n\n\n<p class=\"program\"><em><s>P\u0159edn\u00e1\u0161\u00ed Mgr. Jana Frankov\u00e1, Ph.D. z Moravsk\u00e9 zemsk\u00e9 knihovny v Brn\u011b.<\/s><\/em><\/p>\n\n\n\n<p class=\"program\"><strong>Omlouv\u00e1me se, ale p\u0159edn\u00e1\u0161ka je z d\u016fvodu nemoci Mgr. Jany Frankov\u00e9, Ph.D. zru\u0161ena. D\u011bkujeme za pochopen\u00ed.<\/strong><\/p>\n\n\n\n<h4 class=\"wp-block-heading program\">\u010dtvrtek 5. 6. 2025 \/ 17:00 \/ Vlastiv\u011bdn\u00e9 muzeum v Olomouci, p\u0159edn\u00e1\u0161kov\u00fd s\u00e1l<\/h4>\n\n\n\n<h3 class=\"wp-block-heading program\">Plask\u00fd cisterci\u00e1k Mauritius Vogt a jeho hudebn\u00ed sb\u00edrka<em> <strong>Vertumnus vanitatis<\/strong><\/em><\/h3>\n\n\n\n<p class=\"program\"><em>P\u0159edn\u00e1\u0161\u00ed Mgr. V\u00e1clav Kapsa, Ph.D., z odd\u011blen\u00ed muzikologie \u00dastavu d\u011bjin um\u011bn\u00ed AV \u010cR v Praze.<\/em><\/p>\n\n\n\n<p class=\"program\"><a href=\"https:\/\/otrs.festivalbaroko.cz?a=145\">Vstupenky &gt;&gt;<\/a><\/p>\n\n\n\n<h4 class=\"wp-block-heading program\">st\u0159eda 11. 6. 2025 \/ 17:00 \/ Vlastiv\u011bdn\u00e9 muzeum v Olomouci, p\u0159edn\u00e1\u0161kov\u00fd s\u00e1l<\/h4>\n\n\n\n<h3 class=\"wp-block-heading program\">Hled\u00e1n\u00ed Er\u00f3ta v \u010desk\u00e9m baroku<\/h3>\n\n\n\n<p class=\"program\"><em>P\u0159edn\u00e1\u0161\u00ed prof. PhDr. V\u00edt Vlnas, Ph.D., z \u00dastavu d\u011bjin k\u0159es\u0165ansk\u00e9ho um\u011bn\u00ed Katolick\u00e9 teologick\u00e9 fakulty Univerzity Karlovy v Praze.<\/em><\/p>\n\n\n\n<p class=\"program\"><a href=\"https:\/\/otrs.festivalbaroko.cz?a=147\">Vstupenky &gt;&gt;<\/a><\/p>\n\n\n\n<hr class=\"wp-block-separator has-alpha-channel-opacity\"\/>\n\n\n\n<h3 class=\"wp-block-heading\"><strong>Komentovan\u00e9 prohl\u00eddky<\/strong><\/h3>\n\n\n\n<p>Sraz je v 16 hodin na recepci Vlastiv\u011bdn\u00e9ho muzea v Olomouci.<\/p>\n\n\n\n<h4 class=\"wp-block-heading program\">\u010dtvrtek 12. 6. 2025 \/ 16:00 \/ sraz na recepci Vlastiv\u011bdn\u00e9ho muzea v Olomouci<\/h4>\n\n\n\n<h3 class=\"wp-block-heading program\">Za kulisy Baroka<\/h3>\n\n\n\n<p class=\"program\"><em>Komentovan\u00e1 prohl\u00eddka s dramaturgem festivalu Baroko 2025. Prov\u00e1z\u00ed Mgr. Tom\u00e1\u0161 Hanzl\u00edk, Ph.D., z Katedry hudebn\u00ed v\u00fdchovy Pedagogick\u00e9 fakulty Univerzity Palack\u00e9ho v Olomouci.<\/em><\/p>\n\n\n\n<p class=\"program\"><a href=\"https:\/\/otrs.festivalbaroko.cz?a=149\">Vstupenky &gt;&gt;<\/a><\/p>\n\n\n\n<p><\/p>\n\n\n\n<p>Zm\u011bna programu vyhrazena.<\/p>\n\n\n\n<hr class=\"wp-block-separator has-alpha-channel-opacity\"\/>\n\n\n\n<h2 class=\"wp-block-heading\">Vstupenky<\/h2>\n\n\n\n<h3 class=\"wp-block-heading\"><strong>Vstupn\u00e9 na hlavn\u00ed program festivalu<\/strong><\/h3>\n\n\n\n<p>Z\u00e1kladn\u00ed vstupn\u00e9 na jednotliv\u00e1 p\u0159edstaven\u00ed 200 K\u010d<br>Sn\u00ed\u017een\u00e9 vstupn\u00e9 pro \u010dleny VSMO 100 K\u010d<br>Abonm\u00e1 na cel\u00fd festival 600 K\u010d (<a href=\"https:\/\/otrs.festivalbaroko.cz?a=152\">abonm\u00e1 je mo\u017en\u00e9 zakoupit tak\u00e9 online zde &gt;&gt;<\/a>)<\/p>\n\n\n\n<h3 class=\"wp-block-heading\"><strong>Vstupn\u00e9 na doprovodn\u00fd program<\/strong><\/h3>\n\n\n\n<p>Z\u00e1kladn\u00ed vstupn\u00e9 na jednotliv\u00e9 akce 50 K\u010d<br>Vstup zdarma pro \u010dleny VSMO a dr\u017eitele festivalov\u00e9ho abonm\u00e1.<\/p>\n\n\n\n<h2 class=\"wp-block-heading\">P\u0159edprodej a online prodej vstupenek<\/h2>\n\n\n\n<p><strong><a href=\"http:\/\/otrs.festivalbaroko.cz\">P\u0159edprodej a online prodej vstupenek najdete zde<\/a><\/strong> na str\u00e1nk\u00e1ch <a href=\"http:\/\/otrs.festivalbaroko.cz\"><strong>otrs.festivalbaroko.cz<\/strong><\/a> a na odkazech pod jednotliv\u00fdmi akcemi.<\/p>\n\n\n\n<p>P\u0159edprodej fyzick\u00fdch vstupenek bude zah\u00e1jen 19. kv\u011btna 2025. Vstupenky bude mo\u017eno zakoupit v\u017edy v pond\u011bl\u00ed od 14 do 16 hodin a ve st\u0159edu od 15 do 17 hodin v kancel\u00e1\u0159i VSMO, N\u00e1m. Republiky 5 v Olomouci. Vstupenky budou k prodeji tak\u00e9 v\u017edy p\u016fl hodiny p\u0159edem p\u0159ed zah\u00e1jen\u00edm ka\u017ed\u00e9ho p\u0159edstaven\u00ed \u010di akce doprovodn\u00e9ho programu na recepci Vlastiv\u011bdn\u00e9ho muzea v Olomouci.<\/p>\n\n\n\n<hr class=\"wp-block-separator has-alpha-channel-opacity\"\/>\n\n\n\n<h2 class=\"wp-block-heading\">Po\u0159adatel\u00e9 a don\u00e1to\u0159i<\/h2>\n\n\n\n<p><strong>Po\u0159adatel:<\/strong> Vlastiv\u011bdn\u00e1 spole\u010dnost muzejn\u00ed v Olomouci, z. s.<\/p>\n\n\n\n<p><strong>Spolupo\u0159adatel\u00e9:<\/strong> Vlastiv\u011bdn\u00e9 muzeum v Olomouci, Katedra hudebn\u00ed v\u00fdchovy Pedagogick\u00e9 fakulty Univerzity Palack\u00e9ho v Olomouci, Ensemble Damian, z. s.<\/p>\n\n\n\n<p><strong>Don\u00e1to\u0159i:<\/strong> Olomouck\u00fd kraj, Statut\u00e1rn\u00ed m\u011bsto Olomouc, St\u00e1tn\u00ed fond kultury<\/p>\n\n\n\n<p><strong>Sponzo\u0159i:<\/strong> Oltis Group, Grapo a n\u011bkolik drobn\u00fdch p\u0159isp\u011bvatel\u016f\u2026 D\u011bkujeme!!!<\/p>\n","protected":false},"excerpt":{"rendered":"<p>28. ro\u010dn\u00edk festivalu star\u0161\u00ed hudby 1.\u201312. \u010dervna 2025 Vlastiv\u011bdn\u00e9 muzeum v Olomouci, n\u00e1m. Republiky 5, Olomouc Hlavn\u00ed program Za\u010d\u00e1tky p\u0159edstaven\u00ed v\u017edy od 19 hodin. ned\u011ble&hellip;<\/p>\n","protected":false},"author":1,"featured_media":0,"parent":0,"menu_order":0,"comment_status":"closed","ping_status":"closed","template":"","meta":{"footnotes":""},"class_list":["post-654","page","type-page","status-publish","hentry"],"_links":{"self":[{"href":"https:\/\/festivalbaroko.cz\/2025\/wp-json\/wp\/v2\/pages\/654","targetHints":{"allow":["GET"]}}],"collection":[{"href":"https:\/\/festivalbaroko.cz\/2025\/wp-json\/wp\/v2\/pages"}],"about":[{"href":"https:\/\/festivalbaroko.cz\/2025\/wp-json\/wp\/v2\/types\/page"}],"author":[{"embeddable":true,"href":"https:\/\/festivalbaroko.cz\/2025\/wp-json\/wp\/v2\/users\/1"}],"replies":[{"embeddable":true,"href":"https:\/\/festivalbaroko.cz\/2025\/wp-json\/wp\/v2\/comments?post=654"}],"version-history":[{"count":60,"href":"https:\/\/festivalbaroko.cz\/2025\/wp-json\/wp\/v2\/pages\/654\/revisions"}],"predecessor-version":[{"id":1153,"href":"https:\/\/festivalbaroko.cz\/2025\/wp-json\/wp\/v2\/pages\/654\/revisions\/1153"}],"wp:attachment":[{"href":"https:\/\/festivalbaroko.cz\/2025\/wp-json\/wp\/v2\/media?parent=654"}],"curies":[{"name":"wp","href":"https:\/\/api.w.org\/{rel}","templated":true}]}}